0 = 2*w. Calculate the remainder when s(-20) is divided by w.
24
Suppose 0 = -5*n + y + 388 + 387, 2*n = -3*y + 310. Calculate the remainder when n is divided by 52.
51
Let s(n) = 55*n**2 - n + 4. Let b be s(-6). Calculate the remainder when b/25 + (8/5)/4 is divided by 27.
26
Let n be 42*((-4)/(-8) + 0). Suppose -2*s + n = 9. Calculate the remainder when ((-85)/6 + (-1)/3)*-2 is divided by s.
5
Let d = 944 + -930. What is the remainder when d is divided by -10*(2/1 + -3)?
4
Let h(p) = -p**3 - 23*p**2 + 48*p - 42. Calculate the remainder when 351 is divided by h(-25).
7
Let n(q) = q**3 + 32*q**2 - 6*q - 33. Calculate the remainder when n(-32) is divided by 3.
0
Let w = -282 + 306. Calculate the remainder when 334 is divided by w.
22
Let x = 12 - 22. Let r = -5 - x. Suppose r*j - 4*s = -2*s + 72, -2*j = -3*s - 31. What is the remainder when 54 is divided by j?
12
Let o be (-6)/(-21) + (-242)/14. Let f = o + 20. What is the remainder when 43 is divided by (-8)/(-12)*f + 9?
10
Let o = -36 + 188. Suppose 0 = -t - 3*t + o. Let n = 53 - t. What is the remainder when 29 is divided by n?
14
Let o(p) = 3*p - 12. Let i be o(6). Let a = -8 - -14. What is the remainder when a is divided by (4/5)/(i/15)?
0
Let q(o) = 12*o - 4. Let u = 16 + -14. Suppose -u*z + 158 = 2*p + 3*p, 2*p = 0. Calculate the remainder when z is divided by q(2).
19
Calculate the remainder when (28/(-21))/1*-39 is divided by 32.
20
Suppose v + 2*v - b - 25 = 0, -b = v - 3. Let p(a) = -3 + 7*a + 2 - v*a**3 - 8*a**2 + 8*a**3 + 3*a. What is the remainder when p(7) is divided by 7?
6
Suppose 3*c - 7 + 27 = 5*f, -5*f + 20 = 5*c. Suppose c = -5*q - 15, 4*i - 5*q - 63 = i. Suppose 93 = 5*x - 2*x. Calculate the remainder when x is divided by i.
15
Calculate the remainder when 40/(42/9 - 4) is divided by 13.
8
Suppose -14*y = -13*y + 55. Let i = -12 - y. Let k = -23 + 34. Calculate the remainder when i is divided by k.
10
Suppose -2*y - 5*h + 0 = -33, -y - 3*h = -15. What is the remainder when y is divided by 6?
0
Let b(x) = 5*x - 1. Let z be b(-2). Let t = 3 - z. What is the remainder when 39 is divided by t?
11
Let j be 0*((-2)/(-3) + -1). Suppose -7*c + 4*c = j. Suppose c = -5*g - 5*l + 80, 68 = 5*g - l + 2*l. What is the remainder when 25 is divided by g?
12
Let h(j) = 2 - 7 + 4 - j + 14*j. Let f be h(7). Calculate the remainder when 44 is divided by 2*(f/(-4))/(-3).
14
Let w be 40/50 - (-932)/10. Suppose w = 3*d - 0*u + 2*u, 0 = 4*d + 4*u - 128. What is the remainder when d is divided by 11?
8
Let y(m) = -6*m. Let a be y(-1). Calculate the remainder when 27 is divided by (-10)/(-3 - (-14)/a).
12
Let a = 13 + -4. Calculate the remainder when 19*(3/a)/((-5)/(-45)) is divided by (1 - 4)*-5 + 0.
12
Let t(o) = -23*o**3 - o**2 + o + 1. Let l be t(-1). Suppose -2*f + 0 = -l. Suppose 158 = 61*c - 269. What is the remainder when f is divided by c?
4
Let l = 469 + -415. Calculate the remainder when l is divided by 24.
6
What is the remainder when 36 - (18/54 + (-8)/6) is divided by 10?
7
Suppose 8*i = 3*i - 10, -106 = -4*u - 3*i. Let c be 1/(12/232)*(-5 - -2). Let o = -42 - c. Calculate the remainder when u is divided by o.
12
Suppose -1508 - 1042 = -15*w. What is the remainder when w is divided by 44?
38
Let a(x) = -2*x + 1. Let m be a(-5). Let d = 7 - m. What is the remainder when -8*(13/d - -1) is divided by 5?
3
Suppose -2 = -l - 3. Let c = l + 1. Calculate the remainder when 102*(3 + c)/9 is divided by 12.
10
Let m = 801 + -762. Calculate the remainder when 221 is divided by m.
26
Suppose 5*u - 10*u + 145 = 0. What is the remainder when 109 is divided by u?
22
What is the remainder when 203 is divided by -4 - (4/(-1) + -2 + -12)?
7
Suppose 0 = 4*h - 104 - 16. Suppose -4*q + 90 = u, 2*q - q + 3*u - 28 = 0. What is the remainder when h is divided by 246/22 + ((-48)/q - -2)?
8
Let n = 42 + 0. Suppose -n = -l - 5*l. Calculate the remainder when 8 is divided by l.
1
Let o(b) = b**3 + 5*b**2 - b + 1. Let m be o(-5). Suppose -m - 1 = -j. Suppose 412*q = 420*q - 144. Calculate the remainder when q is divided by j.
4
Let u(d) = 11*d - 5. Suppose 4*v - 2*f - 8 = 0, v = 2*v - f. What is the remainder when u(v) is divided by 10?
9
Suppose 119 = -2*d + 45. Let b = -61 - -3. Let m = d - b. What is the remainder when 62 is divided by m?
20
Suppose c - 5 = 6. Suppose 5*p = -3*h + 4, -p + h - 3 = -7. Suppose 0 = 4*q + q + 4*w - 22, 0 = -p*q - 3*w + 6. What is the remainder when c is divided by q?
5
Suppose 5*i - k - 1934 = 0, -2*i + 3*k + 384 = -i. What is the remainder when i is divided by 65?
62
Let z(o) = -2*o**2 - 24*o + 25. Suppose -3*h = -h + 2. Calculate the remainder when z(-12) is divided by (-5 + -2)*(0 + h).
4
Suppose k + 4*k = 100. What is the remainder when k is divided by 7?
6
Suppose 33 = 5*d - 202. Let x = -32 + d. What is the remainder when 37 is divided by x?
7
Let h(q) = 131*q**3 - 6*q**2 + 2*q - 3. Calculate the remainder when h(1) is divided by 26.
20
Let p(f) = f**3 - f. Suppose 0*a + 2*a + 2 = 0. Let y be p(a). Suppose -3*i + 23 + 13 = y. Calculate the remainder when 22 is divided by i.
10
Let y = -2151 + 2203. What is the remainder when (2 - -151*1) + -1 is divided by y?
48
Let u(n) be the first derivative of -n**3/3 - 9*n**2/2 - 11*n - 4. What is the remainder when 26 is divided by u(-7)?
2
What is the remainder when 347 is divided by 3 + 59 + (4 - -1)?
12
Suppose -8*i - 329 - 7 = 0. Let h = i - -53. What is the remainder when 6/3*(-31)/(-2) is divided by h?
9
Let i(g) = 2*g - 10. Let a be i(6). Let w(l) = l**3 - l**2 + l - 2. Calculate the remainder when 13 is divided by w(a).
1
Let y be (-2)/(-9) - 1245/135. Calculate the remainder when (-68)/(3 + 33/y) is divided by 13.
11
Suppose 3*d - 4*a = a + 1190, a - 776 = -2*d. Calculate the remainder when d is divided by 28.
26
Suppose 13*x - 240 = -2*x. Let d = 50 + -6. Calculate the remainder when d is divided by x.
12
Suppose 0 = -8*j + 5*j - p + 374, -2*j - 5*p = -232. What is the remainder when j is divided by 15?
6
Let v = -46 - -75. Let r(z) = 12*z + 24. What is the remainder when r(5) is divided by v?
26
Suppose 2*c + 5*n - 3*n = 106, 5*c - 253 = -n. Calculate the remainder when c is divided by 24.
2
Let b be ((-250)/30)/(2/(-6)). Suppose b = 4*q - 19. What is the remainder when q is divided by 7?
4
Let a be ((-13)/(-26))/((-2)/(-12)). Suppose -3*z + a = -12. Suppose 81 + 94 = z*q. Calculate the remainder when q is divided by 12.
11
Calculate the remainder when 15 is divided by (6 - 3)*(-12)/(-4).
6
Suppose 3*q + 3*x - 57 = 0, 0 = 2*q + 4*x + 9 - 43. Suppose -2*b + 73 = -135. What is the remainder when b is divided by q?
20
Let y(a) = -32*a - 497. Let h be y(-16). Let k(s) = -s + 5. Let c be k(5). Suppose c = l - h - 6. What is the remainder when l is divided by 12?
9
Let y(r) = -2*r**3 + 25*r**2 + 21*r - 66. What is the remainder when y(11) is divided by 28?
24
Calculate the remainder when (-20445)/(-45) - 3 - (-2)/3 is divided by 66.
56
Suppose 0 = -4*k + 5*n + 335, 3*k + k - 4*n - 340 = 0. Let d(f) = 77*f - 5521. Calculate the remainder when k is divided by d(72).
21
Let h = -8 + 20. Let j(m) = -m + 2. Let n be j(2). Suppose -5*t - 15 + 50 = n. What is the remainder when h is divided by t?
5
Suppose -z = -4*u - 23, -z + u + 2 + 18 = 0. Calculate the remainder when 44 is divided by z.
6
Suppose 2*m - 2*x - 316 = 0, -m = -2*m - 4*x + 153. Suppose -4*s - f + 67 = 0, -5*f + 60 = -4*s + m. What is the remainder when s is divided by 10?
8
Let h(t) = -2*t + 3. Suppose 12 = -4*d + 2*d. Calculate the remainder when 69/(-6)*-4 + -2 is divided by h(d).
14
Suppose -452*w + 464*w - 1188 = 0. Calculate the remainder when w is divided by 20.
19
Let t(w) = -111*w - 432. Let c = -23 + 57. Calculate the remainder when c is divided by t(-4).
10
Let s = 248 + -227. Calculate the remainder when 82 is divided by s.
19
Suppose -2*r - 3*d = -0*r + 1, -5*r - 5*d + 10 = 0. Suppose -v = -r*v + 162. What is the remainder when 78 is divided by v?
24
Let c(w) = w**3 - 13*w**2 - 15*w + 21. Let i be (-28)/(-5)*(4 - 21/14). What is the remainder when 33 is divided by c(i)?
5
Suppose -i - 39 = -4*i. Let o(h) = -4*h**2 - 3*h**3 + 9*h**3 + h + 2*h. What is the remainder when o(2) is divided by i?
12
Suppose -5*s + 17 = -2*y, -2 = 3*y + 1. Calculate the remainde